-3
9 - (13 + -8 + -3)
7
What is the value of 1 + 1 - (4 - 5 - -2)?
1
What is 7 + -3 + -1 - (-1 - -4)?
0
What is the value of 5 + 5 + -6 - 7?
-3
Calculate -6 - (-4 - -6 - (3 - 0)).
-5
Evaluate (-12 - 1) + 11 - -1.
-1
2 - (7 + -4 - 2)
1
Evaluate -9 + -1 - (-9 + 4).
-5
What is the value of 0 + 1 + -6 + 3?
-2
What is -5 + (19 - 14) + (-4 - -1)?
-3
Evaluate (-9 - 1) + 56 + -48.
-2
Calculate 9 + (18 - 14) + -6.
7
What is -2 + (-3 - 2) - (2 - 0)?
-9
Evaluate (1 - 1) + 4 + -1 + -4.
-1
Evaluate -11 + 4 + 12 - (2 - -1).
2
-4 + (-2 + -4 - -12)
2
Evaluate (-4 - -1 - 3) + (1 - -2).
-3
What is -3 + (2 + -4 - (-14 + 13))?
-4
What is the value of (6 - 3) + (1 - 1) + 0?
3
Calculate -12 + 10 + (1 - -9).
8
What is the value of -4 + 0 + (-22 - -28)?
2
Evaluate (16 - 21) + (-1 - -1) + 3.
-2
Calculate (3 - 3) + 2 + 0 + -2.
0
Evaluate -9 + 4 + 1 - -7.
3
What is 3 + 2 - 3 - (0 + 2)?
0
Calculate 6 - (2 + -7 - -9).
2
10 - (3 + (-5 - (-2 + -4)))
6
Evaluate (-9 + (2 - -4) - -11) + -1.
7
What is the value of 1 - (3 + -1) - (17 + -21)?
3
What is 0 + 2 - (14 - 8) - -2?
-2
(-3 - (6 + 1)) + 5
-5
Calculate (0 - 6) + 6 - 4 - 3.
-7
Evaluate -2 + 2 + (3 - -1).
4
8 - (-10 + 8) - 6
4
What is 6 + (-2 - -1) + -20 + 10?
-5
-1 + (2 - (-3 + -3)) + 2
9
Calculate -5 + 3 + (-2 - 0).
-4
Evaluate (46 - 44) + (-2 - -6).
6
Evaluate -4 - (-8 + 3 + 13 + -7).
-5
What is the value of 4 - (-6 + (18 - 6) - 6)?
4
16 + -15 - (0 - 1)
2
What is the value of 0 + 3 + -15 + 2?
-10
-2 + 1 + -40 + 32
-9
Calculate (11 - (12 + -6)) + -1.
4
What is the value of (-3 - (-3 + 0 + 0)) + -1?
-1
What is 2 + 0 + (7 - (6 - -1))?
2
-1 - (-6 - -4) - (-1 - 3)
5
What is the value of 5 + 1 + (-2 - -1)?
5
What is 27 - 22 - (-2 - -6)?
1
(12 - 15) + (1 - -6)
4
Evaluate -10 + (-5 - (-5 + -10)).
0
Calculate -1 + 1 - (0 - (-8 + 3)).
-5
What is the value of 3 + -10 - (0 + -2)?
-5
-8 + -2 + -66 + 76
0
What is the value of (2 - (-1 + 2)) + (-2 - -5)?
4
What is -2 + (1 + 2 + 1 - -2)?
4
What is the value of (4 - 3 - 6) + -5 - -3?
-7
-3 - (-6 + -1 + -3 + 1)
6
What is 1 + (1 - (0 + -2))?
4
Calculate -21 - -27 - (-3 + 3).
6
5 + (-1 - 1 - (-11 + 9))
5
Evaluate 0 - -5 - (9 + (1 - 10)).
5
Calculate (-2 - 0) + (0 - -2).
0
What is -1 + -5 + 5 + 4?
3
What is the value of 12 + -4 + (-3 - 2)?
3
Evaluate (-1 - (1 - 2)) + (8 - 8).
0
Calculate 5 + (-4 - (2 + 3 - 12)).
8
(-1 - 1) + 11 - 6
3
What is 1 + (-9 - (4 - 14))?
2
What is -2 - (-7 + 5 + 1)?
-1
Calculate -16 + (6 - -1) + 4.
-5
Calculate 2 + -5 + (4 - 2) - 3.
-4
2 - (-4 + 7) - -3
2
(2 - ((2 - 4) + 8)) + 1
-3
Calculate 8 + (-2 - 0) + -19 - -4.
-9
5 + (8 - 4) + -4
5
What is -5 - -2 - (5 + -4)?
-4
3 - (-2 + 15 + -6)
-4
146 - 142 - (0 - (-3 + -1))
0
0 - (-3 + 7 - 1)
-3
Evaluate (1 + 0 - -2) + 0.
3
Evaluate -2 - (-5 - (-3 + 5)).
5
Evaluate 2 + 0 + (-2 - (-4 - -12)).
-8
Evaluate (-6 - -1) + (9 - (2 + -2)).
4
Calculate -5 + (5 + -5 + 3 - 3).
-5
Evaluate (-8 - -3) + -1 + (4 - 7).
-9
Calculate -1 + (-14 - -16) + 0.
1
1 + -9 + 5 + 2
-1
What is the value of (0 - (0 + -1)) + 1 + -5?
-3
Evaluate -4 + 2 + (16 - 17).
-3
Calculate -14 + 5 + (0 - -5 - 1).
-5
What is (-5 - -12 - 5) + 0 + -4?
-2
Calculate -7 - (0 - 7) - 2.
-2
What is the value of (-3 + 4 - 7) + 3?
-3
What is (7 + -5 - 1) + -3?
-2
Calculate 4 + (2 + -4 - 3) - -2.
1
Evaluate -7 + 9 - (0 - 0) - 2.
0
-6 - ((-10 + 5 - 3) + 3)
-1
What is the value of (-1 - 0) + (2 - (-2 + 5))?
-2
4 + -3 + (4 - 0) + -9
-4
Evaluate -1 - (3 - (-6 + 1 + 7)).
-2
What is the value of 6 - ((-9 - -7) + (6 - 1))?
3
Evaluate -7 - (-5 + (8 - 11)).
1
Evaluate -3 + 1 + 5 - (-14 + 10).
7
Evaluate 1 - -3 - (4 + 8 + -6).
-2
What is the value of 0 - (1 - (2 - 4))?
-3
Calculate 2 - (4 + (1 - 0 - 3)).
0
What is (0 - 0) + (5 - 1 - -1)?
5
Evaluate 4 + -11 + 11 - 11.
-7
Evaluate 7 + -1 - (4 - 3).
5
What is -7 + 8 - (-1 - -4)?
-2
Evaluate 6 - (1 - -1) - (18 + -11).
-3
Calculate (-1 - (-6 + -1)) + 18 + -15.
9
Evaluate 2 - (-3 + 6 + -3 + 2).
0
Calculate -11 + (12 - 12 - -15).
4
Calculate 1 + -3 - (-10 - -10 - 7).
5
Calculate -7 + -3 + 6 + 0.
-4
Calculate -5 - (-2 + (-3 - (-3 - 1))).
-4
What is the value of 13 - (-1 - 5 - -14)?
5
-3 - (-4 + (4 - 0) + 3)
-6
Calculate 3 + 3 + -2 + 4 + -4.
4
Calculate 8 + 0 + -8 + 2.
2
What is the value of 2 - (-12 + (10 - -1))?
3
-3 + 0 + (-2 - -8) - 0
3
Calculate 3 + -5 + (10 + -1 - 2).
5
Calculate (0 - 2) + (-4 + -2 - -7).
-1
What is -6 + 9 - 6 - 0?
-3
What is -6 - (0 + (-10 - -11))?
-7
1 + 3 - ((20 - 8) + -12)
4
-1 - -6 - (2 + -3)
6
What is 5 + 3 + -2 - (6 - 3)?
3
What is 2 - 1 - (2 - (3 + -5))?
-3
What is 8 + -3 - (-1 + -1) - 3?
4
Calculate -4 + (3 + 2 - 4).
-3
What is (-8 - -2) + 5 + 4?
3
What is (2 - (3 + -6)) + (-1 - 2)?
2
Calculate -2 + -2 - ((8 - 18) + 6).
0
What is the value of 1 + 2 + -6 + (1 - 2)?
-4
What is the value of -4 - (-2 + -6 + 0)?
4
What is the value of -5 + (7 - 8 - -4)?
-2
Calculate (2 - 0) + 42 + -39.
5
What is the value of 0 + (0 + 0 - (8 - 9))?
1
Evaluate 2 + ((7 - 0) + -2 - 5).
2
Evaluate 2 + 5 + (-8 - -5).
4
(-2 + (0 - -7) - 0) + -7
-2
What is (-10 - -8) + 2 + 2?
2
What is the value of 0 - (-7 + (7 - 2))?
2
What is the value of (7 - -1 - 6) + 1 - 0?
3
Evaluate -10 - -15 - (3 + 7).
-5
Evaluate (-2 - -1) + 5 - (2 - 0).
2
Evaluate 0 + (-5 - -6) + -5 + -2.
-6
5 + (-2 + 4 + 2 - 5)
4
-3 + 1 - -5 - 6 - 2
-5
What is (-34 - -49) + 0 + -8?
7
Calculate 0 + 4 + -2 - 5.
-3
Evaluate 10 - 3 - (3 + -2) - 4.
2
Calculate (-4 - -12) + -2 + -2 + -3.
1
What is 2 + 4 + 0 + -8?
-2
What is the value of (2 + -2 - 4) + 7?
3
Evaluate (7 - (3 - -4)) + (3 - 4).
-1
4 + (-4 - -3) - (6 - 2)
-1
-1 + 6 - ((13 - 6) + -10)
8
Evaluate (4 - (-1 + 2) - 2) + 2.
3
Calculate -18 + 30 - (-1 + 9).
4
What is 8 + (-15 - -7) + 0?
0
What is 5 + -15 + 7 + -1 + -1?
-5
Calculate (-4 + 0 + 1 - -5) + 0.
2
Calculate 5 + -4 + -1 + -1.
-1
Calculate 0 + 2 + 0 + 3 + -1.
4
Evaluate -5 + 9 + -6 + (10 - 2).
6
Calculate 2 + -4 + 6 - 7.
-3
What is (4 - 12) + -7 + (0 - -7)?
-8
3 + -5 + 3 + 3 - 0
4
What is -3 - (16 - (7 - -4))?
-8
Calculate -1 + (5 - -1 - 5).
0
Calculate (0 + 1 - 7) + 1.
-5
What is the value of 0 - (-7 + -9 + 13)?
3
Calculate (7 - 13) + 10 + 2.
6
What is the value of (1 - -6 - 0) + -9?
-2
What is 16 + -5 - (-2 - -10)?
3
What is -8 + (0 - 1) - -4 - 4?
-9
Evaluate -12 + 7 + -5 - -5.
-5
Calculate 1 - (4 + -3 + -1 - 1).
2
-72 + 75 - (0 - -2)
1
-1 + 4 + (7 + -14 - -6)
2
What is 2 + -6 + 11 - 13?
-6
Calculate 1 + (-4 + -2 - -3).
-2
Evaluate 7 - (-6 + 9 - -2 - 1).
3
Calculate 0 + -7 + (1 - -19) + -12.
1
What is the value of -4 - -1 - (-5 - -4)?
-2
What is (-6 - -2) + 7 - 7?
-4
Calculate 3 + -3 - (3 - -1 - 6).
2
Evaluate 0 + (-2 - -4) + -1 + -1.
0
What is the value of -1 + 0 + (-3 - -6)?
2
7 + 0 + (-1 - 2) + 1
5
Calculate -3 - -5 - (-1 + 0).
3
Calculate -13 + 6 + 6 + 10.
9
Evaluate 2 - 3 - -1 - (-13 - -12).
1
What is 5 + 0 - (-2 - (1 + -7))?
1
Evaluate (4 - 5) + 8 + 4 + -5.
6
Calculate 4 + (-1 - (7 - 4)).
0
What is 0 + 3 - 0 - (-4 + 3)?
4
Evaluate -5 - (-3 - 1 - -1).
-2
Evaluate (16 - 0) + (60 - 69).
7
-11 - (-9 + -8) - (0 + -2)
8
What is the value of -11 - -8 - -12 - 7?
2
-10 - (1 + -1) - (86 + -88)
-8
Evaluate (1 + 1 - 5) + (-20 - -18).
-5
What is the value of (0 - -2) + 8 + -7 + 2?
5
Calculate (4 - (0 + (3 - 0))) + -6.
-5
Evaluate (2 + -6 - -4) + 6.
6
Evaluate -2 + -2 - (0 + 13 + -23).
6
(-2 - -8 - (11 + -9)) + 1
5
What is (-1 - -1) + 6 + -15 + 6?
-3
Calculate -7 + 3 + 1 + -4.
-7
3 - (4 - (-2 - -2))
-1
What is the value of 2 + (4 + -4 + -3 - -1)?
0
-3 + 8 - (28 - 25)
2
2 + (-3 - -2) + (-2 - -5)
4
What is the value of -26 + 45 - (16 + -1)?
4
What is -4 + 1 + (3 - (7 - 3))?
-4
What is 5 + (5 - (-1 + 7)) + -5?
-1
Evaluate (-10 - -1) + 0 - -5.
-4
Evaluate 9 - ((13 - 6) + -6).
8
What is 0 - (3 + -1) - (-63 - -69)?
-8
Evaluate (3 - 1) + -3 + 1 + 4.
4
What is the value of -7 + -6 + 4 - -7?
-2
What is -5 + 2 - ((2 - -1) + -5)?
-1
3 + (-4 - -3 - -1) + 1
4
Calculate (13 - (17 + -3)) + 11.
10
What is the value of (9 - 2 - 3) + -7?
-3
What is (-13 - (-6 + 3 - -3)) + 5?
-8
Calculate -6 - (-6 - -3) - -3 - 0.
0
What is the value of 1 + -2 + -1 + (2 - -6)?
6
Evaluate -2 - (5 - 5) - -2.
0
Evaluate 2 + (7 - 7 - (-1 - -1)).
2
Evaluate -1 + -4 - -1 - (-7 + 2).
1
What is -3 + (3 - 0 - -3)?
3
Evaluate 3 - (7 + -1 - (0 - -7)).
4
What is the value of (1 - -4 - 5) + (-1 - 6)?
-7
Evaluate -2 - (-8 - (-2 + 0